{"id":125,"date":"2024-01-04T19:36:35","date_gmt":"2024-01-04T18:36:35","guid":{"rendered":"https:\/\/auchaleureuxcarli.fr\/?page_id=125"},"modified":"2024-01-27T09:21:57","modified_gmt":"2024-01-27T08:21:57","slug":"tarifs","status":"publish","type":"page","link":"https:\/\/auchaleureuxcarli.fr\/index.php\/tarifs\/","title":{"rendered":"Tarifs"},"content":{"rendered":"\n<ul class=\"wp-block-list\">\n<li>R\u00e9servation 1 \u00e0 2 nuits = Prix unique de 430\u20ac \/ Horaires fl\u00e9xibles si vous s\u00e9journez une seule nuit.<\/li>\n\n\n\n<li>215\u20ac \/ nuit suppl\u00e9mentaire. <br>Pour id\u00e9e un groupe de 11 personnes louant pour 3 nuits <br>= 645\u20ac \/ s\u00e9jour<br>= 58.6\u20ac \/ personne<br>= 19.50\u20ac \/ personne \/ nuit<\/li>\n\n\n\n<li>210\u20ac \u00e0 partir de la sixi\u00e9me nuit<\/li>\n<\/ul>\n\n\n\n<p><strong>Pour toute demande de r\u00e9servation merci de nous communiquer par mail ou SMS<\/strong> :<\/p>\n\n\n\n<ul class=\"wp-block-list\">\n<li>Nom &#8211; Pr\u00e9nom &#8211; Age<\/li>\n\n\n\n<li>Le nombre de personnes adultes<\/li>\n\n\n\n<li>Le nombre d&#8217;enfants<\/li>\n\n\n\n<li>Les dates d&#8217;arriv\u00e9e et de d\u00e9part souhait\u00e9es<\/li>\n<\/ul>\n\n\n\n<figure class=\"wp-block-gallery has-nested-images columns-default is-cropped wp-block-gallery-1 is-layout-flex wp-block-gallery-is-layout-flex\">\n<figure class=\"wp-block-image size-large\"><img loading=\"lazy\" decoding=\"async\" width=\"1024\" height=\"524\" data-id=\"158\" src=\"https:\/\/auchaleureuxcarli.fr\/wp-content\/uploads\/2024\/01\/404480653_3615125642148212_3549058852623279931_n-1-1024x524.jpg\" alt=\"\" class=\"wp-image-158\" srcset=\"https:\/\/auchaleureuxcarli.fr\/wp-content\/uploads\/2024\/01\/404480653_3615125642148212_3549058852623279931_n-1-1024x524.jpg 1024w, https:\/\/auchaleureuxcarli.fr\/wp-content\/uploads\/2024\/01\/404480653_3615125642148212_3549058852623279931_n-1-300x154.jpg 300w, https:\/\/auchaleureuxcarli.fr\/wp-content\/uploads\/2024\/01\/404480653_3615125642148212_3549058852623279931_n-1-768x393.jpg 768w, https:\/\/auchaleureuxcarli.fr\/wp-content\/uploads\/2024\/01\/404480653_3615125642148212_3549058852623279931_n-1-1140x583.jpg 1140w, https:\/\/auchaleureuxcarli.fr\/wp-content\/uploads\/2024\/01\/404480653_3615125642148212_3549058852623279931_n-1.jpg 1200w\" sizes=\"auto, (max-width: 1024px) 100vw, 1024px\" \/><\/figure>\n<\/figure>\n\n\n\n<p class=\"has-small-font-size\"><em>Sur un chemin au dessus du village&#8230;<\/em><\/p>\n","protected":false},"excerpt":{"rendered":"<p>Pour toute demande de r\u00e9servation merci de nous communiquer par mail ou SMS : Sur un chemin au dessus du village&#8230;<\/p>\n","protected":false},"author":1,"featured_media":0,"parent":0,"menu_order":0,"comment_status":"closed","ping_status":"closed","template":"","meta":{"om_disable_all_campaigns":false,"_monsterinsights_skip_tracking":false,"_monsterinsights_sitenote_active":false,"_monsterinsights_sitenote_note":"","_monsterinsights_sitenote_category":0,"_uf_show_specific_survey":0,"_uf_disable_surveys":false,"ngg_post_thumbnail":0,"footnotes":""},"class_list":["post-125","page","type-page","status-publish","hentry"],"aioseo_notices":[],"_links":{"self":[{"href":"https:\/\/auchaleureuxcarli.fr\/index.php\/wp-json\/wp\/v2\/pages\/125","targetHints":{"allow":["GET"]}}],"collection":[{"href":"https:\/\/auchaleureuxcarli.fr\/index.php\/wp-json\/wp\/v2\/pages"}],"about":[{"href":"https:\/\/auchaleureuxcarli.fr\/index.php\/wp-json\/wp\/v2\/types\/page"}],"author":[{"embeddable":true,"href":"https:\/\/auchaleureuxcarli.fr\/index.php\/wp-json\/wp\/v2\/users\/1"}],"replies":[{"embeddable":true,"href":"https:\/\/auchaleureuxcarli.fr\/index.php\/wp-json\/wp\/v2\/comments?post=125"}],"version-history":[{"count":3,"href":"https:\/\/auchaleureuxcarli.fr\/index.php\/wp-json\/wp\/v2\/pages\/125\/revisions"}],"predecessor-version":[{"id":159,"href":"https:\/\/auchaleureuxcarli.fr\/index.php\/wp-json\/wp\/v2\/pages\/125\/revisions\/159"}],"wp:attachment":[{"href":"https:\/\/auchaleureuxcarli.fr\/index.php\/wp-json\/wp\/v2\/media?parent=125"}],"curies":[{"name":"wp","href":"https:\/\/api.w.org\/{rel}","templated":true}]}}